3*m, m - 64 = -m - q*o. Suppose g - m = -2*g. Does 10 divide g?
True
Suppose -21*p - 60 = -23*p. Is 10 a factor of p?
True
Suppose 4*p = 5*f + 983, p + 5*f - 246 = 6*f. Does 13 divide p?
True
Let v = -78 - -76. Let y be (-2)/(-1)*(-2)/(-4). Is (-40)/(-3)*(y - v) a multiple of 18?
False
Suppose 0 = -j + 3*j - 174. Suppose 0 = -3*f - 4*d + j, 0*f + 2*f + 4*d - 62 = 0. Is 11 a factor of f?
False
Let k = 68 + -49. Does 19 divide k?
True
Let i(z) = -2*z**3 - 6*z**2 + z + 5. Let p(n) = n**3 + 4*n**2 - 4*n + 1. Let j be p(-5). Is i(j) a multiple of 13?
False
Let i(b) = b + 9. Let c be i(-6). Suppose c*k + k - 4*v - 20 = 0, -5*k - 2*v + 60 = 0. Does 4 divide k?
False
Suppose -k + 4*i + 40 = 0, -4*i + 7*i + 35 = k. Does 10 divide k?
True
Let s = 28 + -11. Is s a multiple of 3?
False
Let a = -12 + 20. Suppose a = w - 5. Does 3 divide w?
False
Suppose 4*a = 2*j + j + 678, 0 = 3*a - 3*j - 510. Let p be a/15 - 2/10. Let g = p - 8. Is g a multiple of 3?
True
Let w be (-1)/(-3) - 26/(-3). Let z(c) = 2*c**2 + c. Let h be z(1). Suppose h*f - 6 = w. Is f a multiple of 5?
True
Let j(k) = -k**3 - 6*k**2 + 19*k + 2. Is j(-9) a multiple of 9?
False
Let c(w) = 3*w + 4. Is c(8) a multiple of 14?
True
Let c be 4/2*(2 - 1). Let z(x) = 26*x - 2. Let b be z(c). Suppose -2*y - 4 = -b. Does 7 divide y?
False
Let l = -13 + 22. Let j(d) = -6 + 2*d + 2*d - 3*d. Does 3 divide j(l)?
True
Suppose 4*d - 52 = 2*w, 6*w = d + 2*w - 6. Does 14 divide d?
True
Suppose -2*h = 5*x - 2 - 243, 0 = h - 4*x - 116. Does 24 divide h?
True
Suppose 3*h = -12, n + h - 8 = 9. Is n a multiple of 8?
False
Is 4 a factor of (0 + 3 - -6) + 3?
True
Suppose y + 4*y - 25 = 0. Suppose y*d + 154 - 389 = 0. Is d a multiple of 17?
False
Suppose 3*r + 0*r = n + 4, n + 1 = 2*r. Suppose n*p - 171 = -0*p + d, 0 = -4*p + d + 137. Is p a multiple of 10?
False
Suppose 3*b = -3, 5*m + 0*m - 484 = 4*b. Is 16 a factor of m?
True
Let n = 0 + 0. Suppose -g - 27 = -n*g. Is (-8)/20 + g/(-5) even?
False
Suppose -1 = 3*w + 2, -w - 199 = -3*s. Suppose 5*k = 2*g + 7 - 31, -4*g = -k - s. Does 4 divide g?
False
Let u(d) = d + 50. Let v be u(0). Does 10 divide v/4*(-12)/(-15)?
True
Let b(s) be the third derivative of s**6/120 - s**5/20 - s**4/12 - 2*s**3/3 + 2*s**2. Let g be b(4). Suppose -227 + 87 = -g*t. Does 13 divide t?
False
Suppose 5*z - g + 0*g + 24 = 0, 2*z + 5*g = -15. Let h(x) = x**3 + 5*x**2 - 4*x - 3. Is h(z) a multiple of 17?
True
Suppose -6*i - 2*i + 440 = 0. Is i a multiple of 5?
True
Suppose -79 = -4*m + 65. Is m a multiple of 18?
True
Suppose 0 = 3*q - 2 - 4. Suppose 98 = 7*w - 3*w - q*f, 4*f + 130 = 5*w. Is 8 a factor of w?
False
Let b = -59 + 83. Suppose 4*t = -x + 19, -5*t - 33 = -3*x + b. Is x a multiple of 19?
True
Suppose l = 3*l - 90. Let m = -18 + l. Let c = m - 19. Is 8 a factor of c?
True
Let a(v) = 5*v - v**2 + 1 + 7*v - 4*v. Let j = 78 + -73. Is 16 a factor of a(j)?
True
Let u = 8 + -2. Suppose -q - u*v + 52 = -v, 2*q + 2*v - 72 = 0. Is 7 a factor of q?
False
Suppose 12 = 4*b - 0*b + 4*o, 3*o = b + 9. Suppose -4*x + b = -4. Is 17 a factor of 417/12 - x/(-4)?
False
Let z = -16 - -44. Is 5 a factor of z?
False
Let v be 3 + 0 + -2 - -1. Suppose -y + 7 - v = 0. Is (12/y)/((-10)/(-75)) a multiple of 9?
True
Let t be (3 - 4)*1 - 53. Let f = -27 - t. Is f a multiple of 9?
True
Suppose 2*v = 7 - 1. Suppose 2*u = 1 + v. Is 2 + (u*-15)/(-3) a multiple of 9?
False
Suppose -4*a = -20, b + 0*a - 48 = -4*a. Suppose 3*l - 29 = -l + z, 2*z = 3*l - b. Is 9 a factor of (28/6)/(2/l)?
False
Suppose -2*u + 0*u = 4. Does 9 divide (9/(-12))/(u/48)?
True
Let p(v) = 2*v**2 - 3*v - 5. Let y be p(-7). Suppose -2*l - l = -y. Is l a multiple of 8?
False
Let a = -64 + 100. Is a a multiple of 12?
True
Let c(d) = -2*d**3 - 2. Let y be 45/(-25) + 1/(-5). Let s be c(y). Suppose -s - 12 = -2*h. Is h a multiple of 13?
True
Let f(x) = x**2 + 3*x + 10. Is f(-6) a multiple of 15?
False
Suppose -4*a = -4*w - 6*a + 342, -4*w + a + 351 = 0. Is 22 a factor of w?
False
Suppose -5*q + q - 151 = 3*d, -59 = d - 3*q. Let w be (3 - 0) + (d - 0). Is 10 a factor of (-2)/(-5) + (-980)/w?
True
Suppose 5*u - 184 - 146 = 0. Is 11 a factor of u?
True
Let s(a) = -5*a**2 - 7*a - 7. Let w(l) = -4*l**2 - 7*l - 6. Let b(c) = 5*s(c) - 6*w(c). Let i be b(5). Let r = i + -6. Is 2 a factor of r?
False
Let g(n) = -n**3 - 5*n**2 + n - 6. Let i be g(-5). Let h = i - -19. Does 6 divide h?
False
Let d(u) = -u + 2. Let a be d(3). Let i be a/(-5) + 4/(-20). Suppose i = 3*t - 4*f + 1, 0 = 3*t + 2*t - 3*f - 13. Is t a multiple of 5?
True
Let y = 122 + -68. Is y a multiple of 9?
True
Suppose -v + 193 = -k, -3*v - 577 = -6*v + 4*k. Does 15 divide v?
True
Suppose -4*n = 4*s + 14 - 2, -3*n = 2*s + 9. Suppose s = -v + 35 - 5. Suppose 0*u - v = -u. Is 15 a factor of u?
True
Suppose -2*a + 0*a = -84. Does 14 divide a?
True
Suppose 48 = -0*t + 3*t. Does 3 divide t?
False
Let n(s) = -2*s - 5 + 2*s**2 + s + 3*s**2. Let y be n(-4). Let f = y + -9. Is f a multiple of 24?
False
Suppose -3*p - 2*p = -230. Is 18 a factor of p?
False
Suppose -2*c - z = 2*c - 6, 3*c = 2*z - 1. Is 65/2 + c/(-2) a multiple of 16?
True
Suppose -7*s + 20 = -2*s. Is 2 a factor of s?
True
Does 4 divide ((-3)/(-3) - 2) + (15 - 4)?
False
Suppose 2*v + 9 = -q, -2*q + 3*v = -3*q - 10. Let r = q - -10. Does 2 divide r?
False
Suppose -2*k + o = -18, -5*o - 10 = -0*o. Let g = k + -3. Suppose g*n = n + 192. Is n a multiple of 15?
False
Suppose -10*i = 191 - 1241. Does 21 divide i?
True
Let d(t) = -t + 9. Let z be d(0). Suppose -5*g + z*g = 12. Does 2 divide g?
False
Suppose 2*t - 6 = -0*t. Suppose -6*o = -2*o - 232. Suppose -o - 29 = -t*w. Is w a multiple of 12?
False
Let m = -16 + 40. Let o = -13 + m. Is 11 a factor of o?
True
Let m = -15 + 11. Let x(v) = -v**3 - 2*v**2 + 5*v + 6. Does 9 divide x(m)?
True
Suppose 0*s = -5*s + 30. Let y(o) = -s - 1 - 3*o - 1. Is y(-6) a multiple of 10?
True
Let z(w) = w + 15. Let t be z(-11). Suppose 0 = -t*k - 4*d - 12, 4*k - 4*d - 28 = -0*k. Suppose -n = l - k - 9, -5*n = 3*l - 47. Is n a multiple of 5?
False
Suppose -2 + 3 = v. Does 16 divide 3 + -1 + 30/v?
True
Let w = 10 + -7. Suppose -4*s + w*s + 12 = 0. Is 4 a factor of s?
True
Suppose -j + 5*j - 4*i - 148 = 0, j = 5*i + 57. Does 8 divide j?
True
Suppose 7 = 2*m - 1. Let t be 11/m - 5/(-20). Suppose y = -t + 14. Does 11 divide y?
True
Let q(f) = 14*f**2 - 4*f - 3. Suppose 7*s = 5*s - 4. Is q(s) a multiple of 16?
False
Suppose -8*p - 35 = -7*p. Does 8 divide 2 - 2 - (p + -4)?
False
Let z = 13 - -31. Is 16 a factor of z?
False
Let p(y) = y**2 - 4*y + 7. Let g be p(5). Let f be (366/(-8))/((-3)/g). Is f/1*(-1)/(-3) a multiple of 16?
False
Suppose -234 = -w - 23. Suppose -5*k = 2*s - 2*k - 81, -k - w = -5*s. Is 14 a factor of s?
True
Let u = -21 - -30. Let c(l) = l**3 - 9*l**2 + 2*l - 10. Is c(u) a multiple of 3?
False
Suppose 4*t + 6 = 2*t. Let u = t - -10. Does 2 divide u?
False
Suppose 0 = -3*y + 5 + 4. Let l(d) = -6*d**2 + 5*d + d**y - d + 2*d - 3. Is l(6) a multiple of 13?
False
Let o = 52 + 32. Does 28 divide o?
True
Suppose -26 = 3*b + 49. Let w be (-10)/(-2*3/9). Is (b/w)/(2/(-6)) a multiple of 5?
True
Suppose 6 = s - 8. Let v be (0 + -1)/(1/6). Let f = s + v. Does 8 divide f?
True
Let s(j) = j**3 - 21*j**2 + 30*j - 18. Is s(20) a multiple of 13?
True
Let g be (3/((-9)/12))/(-1). Let l be (-11)/3 + g/6. Let t(b) = -10*b - 4. Is 13 a factor of t(l)?
True
Suppose 0 = -2*s + 14 + 28. Is 16 a factor of s?
False
Let p(l) = 5*l**2 - l - 7. Let x(a) = 14*a**2 - 3*a - 21. Let w(y) = -11*p(y) + 4*x(y). Let q(k) = 6*k**2 - 2*k + 1. Let c be q(1). Does 11 divide w(c)?
False
Let t(d) be the second derivative of 13*d**3/2 + d**2/2 + d. Is t(1) a multiple of 15?
False
Let y(a) = a**2 + 9*a - 9. Let k be y(-9). Is 3 a factor of (0 - -3)/(k/(-12))?
False
Let s(o) = 81*o**2 + 4*o + 6. Does 62 divide s(-2)?
False
Let t = -4 - -27. Is t a multiple of 6?
False
Let p = 0 + 159. Let n = -112 + p. Is n a multiple of 7?
False
Suppose -4*a = -8 - 4. Let m = 0 + a. Is m a multiple of 2?
False
Let d(y) = -y**2 + 32*y + 57. Is d(27) a multiple of 12?
True
Suppose -2*p + 607 = 77. Is 14 a factor of p?
False
Suppose 4*m + j = 6*m + 30, -5*m + 5*j = 75. Let p = m + 27. Is 6 a factor of p?
True
Let x(n) = -2*n + 2. Suppose 0 = 2*d + 19 - 7. Does 7 divid